{"id":27,"date":"2026-03-15T22:40:29","date_gmt":"2026-03-15T21:40:29","guid":{"rendered":"https:\/\/kattilstorp.se\/?page_id=27"},"modified":"2026-04-26T19:29:59","modified_gmt":"2026-04-26T17:29:59","slug":"om-forenignen","status":"publish","type":"page","link":"https:\/\/kattilstorp.se\/?page_id=27","title":{"rendered":"Om f\u00f6reningen"},"content":{"rendered":"\n<p>Ordf\u00f6rande: Tommy Wallin<br>Kass\u00f6r: Vibeke Svensson<br>Ledarm\u00f6ter: Jonas Bromander, Helena Jansson , Ulrika Waller, Johan Gunnarsson, Ulrika Helander, Sonja Svensson<\/p>\n\n\n\n<p>Kontakt: bfkattilstorp(a)gmail.com<\/p>\n\n\n\n<p><\/p>\n\n\n\n<p><\/p>\n","protected":false},"excerpt":{"rendered":"<p>Ordf\u00f6rande: Tommy WallinKass\u00f6r: Vibeke SvenssonLedarm\u00f6ter: Jonas Bromander, Helena Jansson , Ulrika Waller, Johan Gunnarsson, Ulrika Helander, Sonja Svensson Kontakt: bfkattilstorp(a)gmail.com<\/p>\n","protected":false},"author":1,"featured_media":0,"parent":0,"menu_order":0,"comment_status":"closed","ping_status":"closed","template":"","meta":{"_EventAllDay":false,"_EventTimezone":"","_EventStartDate":"","_EventEndDate":"","_EventStartDateUTC":"","_EventEndDateUTC":"","_EventShowMap":false,"_EventShowMapLink":false,"_EventURL":"","_EventCost":"","_EventCostDescription":"","_EventCurrencySymbol":"","_EventCurrencyCode":"","_EventCurrencyPosition":"","_EventDateTimeSeparator":"","_EventTimeRangeSeparator":"","_EventOrganizerID":[],"_EventVenueID":[],"_OrganizerEmail":"","_OrganizerPhone":"","_OrganizerWebsite":"","_VenueAddress":"","_VenueCity":"","_VenueCountry":"","_VenueProvince":"","_VenueState":"","_VenueZip":"","_VenuePhone":"","_VenueURL":"","_VenueStateProvince":"","_VenueLat":"","_VenueLng":"","_VenueShowMap":false,"_VenueShowMapLink":false,"footnotes":""},"class_list":["post-27","page","type-page","status-publish","hentry"],"_links":{"self":[{"href":"https:\/\/kattilstorp.se\/index.php?rest_route=\/wp\/v2\/pages\/27","targetHints":{"allow":["GET"]}}],"collection":[{"href":"https:\/\/kattilstorp.se\/index.php?rest_route=\/wp\/v2\/pages"}],"about":[{"href":"https:\/\/kattilstorp.se\/index.php?rest_route=\/wp\/v2\/types\/page"}],"author":[{"embeddable":true,"href":"https:\/\/kattilstorp.se\/index.php?rest_route=\/wp\/v2\/users\/1"}],"replies":[{"embeddable":true,"href":"https:\/\/kattilstorp.se\/index.php?rest_route=%2Fwp%2Fv2%2Fcomments&post=27"}],"version-history":[{"count":6,"href":"https:\/\/kattilstorp.se\/index.php?rest_route=\/wp\/v2\/pages\/27\/revisions"}],"predecessor-version":[{"id":96,"href":"https:\/\/kattilstorp.se\/index.php?rest_route=\/wp\/v2\/pages\/27\/revisions\/96"}],"wp:attachment":[{"href":"https:\/\/kattilstorp.se\/index.php?rest_route=%2Fwp%2Fv2%2Fmedia&parent=27"}],"curies":[{"name":"wp","href":"https:\/\/api.w.org\/{rel}","templated":true}]}}