{"id":43,"date":"2026-03-19T20:23:18","date_gmt":"2026-03-19T19:23:18","guid":{"rendered":"https:\/\/kattilstorp.se\/?page_id=43"},"modified":"2026-03-26T20:18:58","modified_gmt":"2026-03-26T19:18:58","slug":"medlemsskap","status":"publish","type":"page","link":"https:\/\/kattilstorp.se\/?page_id=43","title":{"rendered":"Medlemsskap"},"content":{"rendered":"\n<p>Avgift: 100 kronor per \u00e5r och medlem, eller 200 kronor per \u00e5r f\u00f6r familj.<\/p>\n\n\n\n<p>Betalningsalternativ:<br>&#8211; Swish : 123 630 22 44 Skriv namn och adress i meddelandet<br>&#8211; Bankgiro: 5733-0102<\/p>\n\n\n\n<figure class=\"wp-block-image size-full\"><img loading=\"lazy\" decoding=\"async\" width=\"625\" height=\"945\" src=\"https:\/\/kattilstorp.se\/wp-content\/uploads\/2026\/03\/swish-QR-small-1.png\" alt=\"\" class=\"wp-image-72\" srcset=\"https:\/\/kattilstorp.se\/wp-content\/uploads\/2026\/03\/swish-QR-small-1.png 625w, https:\/\/kattilstorp.se\/wp-content\/uploads\/2026\/03\/swish-QR-small-1-198x300.png 198w\" sizes=\"auto, (max-width: 625px) 100vw, 625px\" \/><\/figure>\n","protected":false},"excerpt":{"rendered":"<p>Avgift: 100 kronor per \u00e5r och medlem, eller 200 kronor per \u00e5r f\u00f6r familj. Betalningsalternativ:&#8211; Swish : 123 630 22 44 Skriv namn och adress i meddelandet&#8211; Bankgiro: 5733-0102<\/p>\n","protected":false},"author":1,"featured_media":0,"parent":0,"menu_order":0,"comment_status":"closed","ping_status":"closed","template":"","meta":{"_EventAllDay":false,"_EventTimezone":"","_EventStartDate":"","_EventEndDate":"","_EventStartDateUTC":"","_EventEndDateUTC":"","_EventShowMap":false,"_EventShowMapLink":false,"_EventURL":"","_EventCost":"","_EventCostDescription":"","_EventCurrencySymbol":"","_EventCurrencyCode":"","_EventCurrencyPosition":"","_EventDateTimeSeparator":"","_EventTimeRangeSeparator":"","_EventOrganizerID":[],"_EventVenueID":[],"_OrganizerEmail":"","_OrganizerPhone":"","_OrganizerWebsite":"","_VenueAddress":"","_VenueCity":"","_VenueCountry":"","_VenueProvince":"","_VenueState":"","_VenueZip":"","_VenuePhone":"","_VenueURL":"","_VenueStateProvince":"","_VenueLat":"","_VenueLng":"","_VenueShowMap":false,"_VenueShowMapLink":false,"footnotes":""},"class_list":["post-43","page","type-page","status-publish","hentry"],"_links":{"self":[{"href":"https:\/\/kattilstorp.se\/index.php?rest_route=\/wp\/v2\/pages\/43","targetHints":{"allow":["GET"]}}],"collection":[{"href":"https:\/\/kattilstorp.se\/index.php?rest_route=\/wp\/v2\/pages"}],"about":[{"href":"https:\/\/kattilstorp.se\/index.php?rest_route=\/wp\/v2\/types\/page"}],"author":[{"embeddable":true,"href":"https:\/\/kattilstorp.se\/index.php?rest_route=\/wp\/v2\/users\/1"}],"replies":[{"embeddable":true,"href":"https:\/\/kattilstorp.se\/index.php?rest_route=%2Fwp%2Fv2%2Fcomments&post=43"}],"version-history":[{"count":4,"href":"https:\/\/kattilstorp.se\/index.php?rest_route=\/wp\/v2\/pages\/43\/revisions"}],"predecessor-version":[{"id":73,"href":"https:\/\/kattilstorp.se\/index.php?rest_route=\/wp\/v2\/pages\/43\/revisions\/73"}],"wp:attachment":[{"href":"https:\/\/kattilstorp.se\/index.php?rest_route=%2Fwp%2Fv2%2Fmedia&parent=43"}],"curies":[{"name":"wp","href":"https:\/\/api.w.org\/{rel}","templated":true}]}}